). Let a = 825 - x. What are the prime factors of a?
2, 5, 11
Let s be (-32)/112 + 802/14. Let w = 52 - s. List the prime factors of 84/18 + w - (-902)/6.
2, 3, 5
Let u(k) = -375*k - 1452. List the prime factors of u(-5).
3, 47
Let g = 2212 - -5154. List the prime factors of g.
2, 29, 127
Let i(a) = -a**2 - 11*a + 15. Let c be i(-12). Suppose -t + 7*r = 9*r + c, t = -r. Suppose 2*w = -5*h + 337, w + t*h = -4*w + 795. List the prime factors of w.
2, 3, 13
Let u be (-8 - -4) + (-17 - -5). List the prime factors of u + 11 + 448 + -1.
2, 13, 17
Let a = 837 + -869. Let m = -2 - -58. Let p = a + m. List the prime factors of p.
2, 3
Suppose -2*y = -5*z - 6499, -4*z + 24 - 4 = 0. Let h = -2220 + y. What are the prime factors of h?
2, 521
Let b(j) = 9*j + 4. Let x(w) = -w - 1. Let g(o) = -b(o) - 5*x(o). Let n(h) = -h**3 + 24*h**2 + 3*h - 75. Let r be n(24). List the prime factors of g(r).
13
Let t be (-4)/(-6)*-12 + (-3 - -1). Let r(k) = -k**2 - 16*k + 60. List the prime factors of r(t).
2, 3, 5
List the prime factors of -1 + 1741 + 79 + -82.
3, 193
Suppose -24 = -4*n - 4*v, -n = n + 5*v - 18. Suppose n = -x, 0*x + 4*x + 421 = 5*k. Let o = k + -57. List the prime factors of o.
2, 3
List the prime factors of (-7)/14 - ((-720615)/14 - -10).
2, 3, 953
Let q be -1 + 5/3 - 5978/(-42). Let h = q - 138. Suppose h*j - 725 - 680 = -5*c, -848 = -3*c - 2*j. What are the prime factors of c?
2, 11, 13
Suppose -3*s = 3*n - 21, 2*s + 0*n = 3*n + 39. Let z be (-35)/(-21) - (s/(-9) - -1). Suppose -t + 97 = z*a, 0*a = t + 4*a - 89. What are the prime factors of t?
3, 5, 7
Let v(m) = 8*m. Suppose 2*i = 6*i. Let p be v(i). Suppose p*y + 440 = 2*y. List the prime factors of y.
2, 5, 11
Let w = 7081 + -857. What are the prime factors of w?
2, 389
Let b(m) = 38035*m - 1532. What are the prime factors of b(1)?
173, 211
Let b = -60 - -68. Let o be 1/b - (-3)/(-24). Suppose 5*r = o, 0*t - 3*r + 408 = 2*t. List the prime factors of t.
2, 3, 17
Suppose -5*d - 5*c = 65, -d - c + 11 = -2*d. Let r = d + 633. What are the prime factors of r?
3, 23
Let v be -3*(1 - 359/3). Let x(g) = g**3 - 144*g + 6. Let b be x(12). Suppose b*a = v + 568. What are the prime factors of a?
2, 7, 11
Suppose 2*x - 3389 = 3*y, -41*x = -46*x + 4*y + 8490. List the prime factors of x.
2, 23, 37
Let n(g) be the second derivative of g**5/20 - 5*g**3/6 + 3*g**2/2 + g + 13. What are the prime factors of n(3)?
3, 5
Suppose 5*p + 77338 - 231597 = 2*x, 5*p - 3*x = 154266. List the prime factors of p.
3, 7, 13, 113
Let a = 211 + -212. Let j(i) = -691*i - 27. What are the prime factors of j(a)?
2, 83
List the prime factors of (-18562)/8*(-696)/1044*(-1 + 7).
9281
Let x be (1 - -273) + 2 + -2. Suppose 1310 = 2*c + x. Suppose 2*g - 9*g = -c. What are the prime factors of g?
2, 37
Suppose -79*j + 77*j = -58. Suppose -4*t = -3*a + 1770, -28*t = -5*a - j*t + 2927. List the prime factors of a.
2, 293
Let v = -1228 - -2984. Suppose 0 = 8*c - 4852 - v. What are the prime factors of c?
2, 7, 59
Let k(b) = b + 2. Let v(q) = 32*q - 39. Let d(i) = 6*k(i) + v(i). Let m = -11 - -18. List the prime factors of d(m).
239
Let u be 28/3*36/24. Suppose 0 = -m - u*m + 4500. List the prime factors of m.
2, 3, 5
What are the prime factors of -99*57*10/(-100)*10?
3, 11, 19
Let y = 40 + -40. Suppose 5*d + 5*s + 665 = 0, d - 4*d + 4*s - 399 = y. Let k = -15 - d. List the prime factors of k.
2, 59
Let o = -12634 + 41855. List the prime factors of o.
29221
Suppose 0 = -7*z + 3886 - 442. Let h = 743 - z. Suppose -301 = -4*p + h. List the prime factors of p.
2, 3, 23
Suppose 3*j + 2*j = 70. Let y(b) = 44*b - 52. What are the prime factors of y(j)?
2, 3, 47
Suppose 0 = -p - g + 15153, -4*p = -6*p - g + 30308. List the prime factors of p.
5, 7, 433
Suppose 245 = -t + 5*q, -4*t - 454 = -2*t - q. Let s = 33 + t. Let d = -115 - s. List the prime factors of d.
7, 11
Let i(n) be the third derivative of -131*n**4/12 - 4*n**3 + 17*n**2 - n. List the prime factors of i(-3).
2, 3, 127
Let t(s) = 4*s - 10. Suppose -4*q - 10*b = -6*b - 112, -100 = -4*q - b. Let j = q + -11. What are the prime factors of t(j)?
2, 3, 7
Let r(u) = 3*u**3 + 3*u**2 - 6 + 15*u - 18*u - 1. List the prime factors of r(4).
13, 17
Let j(q) = 20*q**3 - 24*q**2 - 17*q + 110. Let y(m) = -7*m**3 + 8*m**2 + 6*m - 37. Let f(o) = -6*j(o) - 17*y(o). What are the prime factors of f(7)?
2, 3
Let x = 55434 - 3654. What are the prime factors of x?
2, 3, 5, 863
Suppose -11*s + 361044 = 35*s - 10*s. What are the prime factors of s?
3, 3343
Let k = -116 - -116. Suppose 4*v + 192 = 5*m - 7*m, k = 5*v - 4*m + 253. Let c = v - -95. What are the prime factors of c?
2, 23
Let m = -113 - -100. Let i = m + -4. Let u = 52 + i. What are the prime factors of u?
5, 7
Let j = 74 - 79. Let g(l) = -3*l**3 + l**2 - 7*l - 19. List the prime factors of g(j).
2, 13
Let b be (-8)/6*((-459)/2)/9. Let c = 34 - b. Suppose 0 = 3*u - c*u - 576. List the prime factors of u.
2, 3
Let x be (-52680)/(-135) - (-4)/(-18). Suppose 3*z - 18 = -6. List the prime factors of (x/z)/5 + 2/4.
2, 5
Suppose 104504 = -m + 8*m + m. What are the prime factors of m?
13063
Let y(u) = -9*u**2 + 21*u + 6. Let b(i) = 27*i**2 - 62*i - 15. Let p(v) = 3*b(v) + 8*y(v). Suppose 2*c - 7 = 3. List the prime factors of p(c).
2, 3, 23
What are the prime factors of 2/8*336418 - 10/4?
2, 3, 107, 131
Let u = -7311 - -11430. List the prime factors of u.
3, 1373
Let p(b) = 3*b**2 + 3*b - b**3 - b**3 + 3*b**2 + 4 + b**3. Let h = 13 + -8. List the prime factors of p(h).
2, 11
Let n be (-2)/1 + (-12 - 21). Let l = 49 + n. Suppose -l*v + v + 104 = 0. What are the prime factors of v?
2
Let v(f) = 397*f**2 - f + 6 + 8*f + 3*f - 4*f. What are the prime factors of v(-1)?
397
List the prime factors of 1*3 - (-1 - (-22 - -329)).
311
Let v = -119 + 305. Suppose 4*a - 2*a = -10, x + a - v = 0. What are the prime factors of x?
191
Let o(g) = g**3 + 18*g**2 + 16*g - 9. Let z be o(-17). Suppose -417 = -11*w + z*w. Suppose 4*u = -0*k + 2*k + 568, u - w = -k. List the prime factors of u.
3, 47
Let b(u) be the first derivative of u**4/4 + 3*u**3 - 5*u**2/2 - 11*u - 3. Let w = -59 + 50. What are the prime factors of b(w)?
2, 17
What are the prime factors of ((-4)/3)/2*11*(-837165)/595?
2, 7, 11, 67
Let a(k) = 4*k - 4*k + 77 + k + 11. List the prime factors of a(-27).
61
Let c(o) = 118*o + 1576 - 778 - 788. What are the prime factors of c(15)?
2, 5, 89
Let j be -4 - 0/(6/2). Let g be 801/(-18)*(j - (-6)/3). Suppose -3*s + 4*d = -262 + 3, -2*d = -s + g. List the prime factors of s.
3
Suppose -t + 2*o = 18*t - 305180, -3*o = 3. What are the prime factors of t?
2, 3, 2677
Suppose 38454 = 20*x - 10786. List the prime factors of x.
2, 1231
Let k(p) = 25701*p**2 - 6*p. List the prime factors of k(1).
3, 5, 571
Let t(k) = 7*k**2 + 6*k + 5. Suppose -3*c = 4*c - 91. Let y(u) = 15*u**2 + 13*u + 11. Let n(r) = c*t(r) - 6*y(r). List the prime factors of n(9).
2, 5
What are the prime factors of 7*2217/7*21/((-252)/(-8))?
2, 739
Suppose -5*a + 857 + 13143 = 0. Let k = a + -1535. Suppose m = 4*j - 1003, 6*j - k = j - m. What are the prime factors of j?
2, 3, 7
Let u = -11137 - -12019. List the prime factors of u.
2, 3, 7
Suppose -8*z + 304 + 320 = 0. Let v be z/4*154/(-11). List the prime factors of (-7)/21 - (v/9 - -2).
2, 7
Let n(o) be the third derivative of 14*o**5/3 + 13*o**4/24 - 7*o**3/3 + 33*o**2. What are the prime factors of n(1)?
3, 31
Let f(g) be the first derivative of 19*g**3/3 + 25*g**2/2 - 23*g - 238. List the prime factors of f(7).
3, 19
Suppose -3*a - 5*q + 78279 = 0, -2*a + 35*q + 52184 = 39*q. What are the prime factors of a?
2, 13049
Let a(x) = 549*x + 117. Let m be a(-26). List the prime factors of m/(-12) - (270/40 + -6).
3, 131
What are the prime factors of -2 + (36964 - (-4 + -22))?
2, 7, 1321
Suppose 8 = -5*f + 2*v + 352, 6 = 2*v. Let k = 45 - f. Let r = k + 221. What are the prime factors of r?
2, 7
What are the prime factors of 59712/(-15)*(-1005)/402?
2, 311
Suppose -103*x = -1518200 - 510836 - 980315. List the prime factors of x.
3, 9739
Let l = -18 + 13. What are the prime factors of (-3 - -243 - 0) + 2 + l?
3, 79
Suppose -4*y = -4 - 12. Suppose -5*x + 4*o + 1375 = 0, -4*x + o = -y*o - 1100. What are the prime factors of x?
5, 11
Let a(l) be the first derivat